-17) + -6)?
-11
What is the value of (-23 - (-94 + 44)) + -15?
12
What is the value of (-6 - 3) + 29 + 3 + -1?
22
What is -5 + (-1 - (-5 + 1)) + -5 - 4?
-11
Calculate 13 - -5 - (-1 + 2).
17
-1 + -11 + 21 + (2 - -3)
14
Calculate 0 - (7 - (10 + 10)).
13
Calculate 0 - (-11 - -1) - (-15 + 30 + -5).
0
What is 9 + 1 - (-120 + 138 + (-10 - 1))?
3
Evaluate 5 + (37 - 1) - 24.
17
Evaluate 17 - 19 - (-1 - -9).
-10
What is the value of (-8 - -36) + 4 - (-9 - (3 + -10))?
34
What is the value of -11 + -1 - ((-93 - -139) + -70)?
12
What is the value of -16 - (-10 - 25 - -13)?
6
Evaluate 98 + -112 - (4 + -6 + -13).
1
What is the value of -10 + -37 + -2 - -29?
-20
Calculate -11 + -1 + (13 - (11 - -3)).
-13
What is (-5 - (-11 - (-19 + 9))) + 18?
14
Evaluate 7 + -1 - ((18 - 1 - 26) + 3).
12
What is -18 + ((-11 - -3) + 2 - -17)?
-7
What is the value of (-2 - -3) + 7 + (0 - 7 - 3)?
-2
-27 - (31 + -29 - 24)
-5
Evaluate -11 - ((-5 - 5 - -8) + 0).
-9
Calculate (2 - (1 + 3 - -4)) + 10.
4
(7 - -2) + 0 - 3 - 0 - 5
1
Evaluate -12 + 2 + 9 + -9 - -11.
1
What is the value of (43 + -3 - 36) + (-1 - 3)?
0
What is -6 + (1 - -2) + 0 + -30 + 23?
-10
-23 - -3 - (66 - 82)
-4
What is the value of -8 - ((14 + -6 - 2) + -26)?
12
13 + -38 - (-9 + (16 - 10)) - -2
-20
What is -6 + 3 - -1 - (-26 + 29)?
-5
Evaluate 25 + 52 + -21 + -30 + 1 + -3.
24
What is the value of -2 - ((13 - -1 - 10) + 5 + 4)?
-15
6 + 31 + (40 - 95)
-18
Evaluate 3 + 20 + -4 - 7 - (7 + -1).
6
What is the value of 2 + -10 + (-7 - (-9 - -5)) + 6?
-5
What is -6 + (5 - (-2 + -1)) + 18?
20
Calculate -206 - -208 - ((-1 - -1) + 6).
-4
7 + 1 - (-113 + 123)
-2
Calculate -320 + 325 - ((1 - -6) + -2).
0
What is 4 - 12 - (65 - 55)?
-18
Calculate 8 - (-60 + 40 - -7).
21
Evaluate -45 + -8 + (1 - -30).
-22
Evaluate 7 + -4 + -3 + 2 - (-92 - -83).
11
Evaluate 4 + 20 + -2 - 14.
8
Evaluate 1 + (-17 - -16 - (0 + -3)).
3
Calculate -22 - -4 - (-177 - -173).
-14
Calculate -3 + -2 + -2 + 0 + 2 + -2.
-7
What is the value of 3 + (-2 - 9) - (6 + -2)?
-12
Evaluate (-4 - -2 - (-32 + 6 + 4)) + -4.
16
Evaluate 23 - (-17 - (-12 - 20)).
8
What is (44 - (-22 - -81)) + 2 + 0?
-13
Calculate -6 + 18 + (-11 - (-1 + -4)).
6
What is the value of (-21 + 26 - 6) + 8?
7
What is (221 - 252) + (0 - -29)?
-2
Calculate -4 - (-6 - (11 + -16)).
-3
Calculate 8 - ((12 - 26) + 2).
20
-7 - (-3 + 8) - -2 - -19
9
What is (-2 - -10 - (7 + 4 + -6)) + -31?
-28
What is 24 + -6 + (-8 - 10)?
0
What is 28 + -6 + (-17 - 0) + 0 + 8?
13
Evaluate (-34 - -14) + 6 + -4.
-18
What is the value of (2 + -2 - 6) + 3 - (-6 - 2)?
5
-57 - -56 - (4 + -1 + -2)
-2
(8 - 14) + 0 - 1
-7
(12 - 33) + 5 + 22
6
Evaluate -3 - -1 - (-434 + 435).
-3
-3 + (9 - (18 - -1))
-13
Calculate (-6 + -22 - -11) + 24.
7
-523 + 489 - (2 - 34)
-2
Evaluate 18 - (-22 - (-7 - 13)).
20
(0 + 6 - 6 - 1 - -1) + -2
-2
What is the value of (2 + -30 - (3 + 14)) + 12?
-33
Evaluate (48 + -13 - 20) + (-6 - 6).
3
What is the value of (-8 - (2 - 1)) + 53 + -9 + -59?
-24
Calculate 36 + -34 - (7 + -6 - -4 - -22).
-25
Evaluate 10 + -11 + -11 + 18 + (1 - -2).
9
What is the value of 2 - 10 - ((-5 - 2) + (70 - 79))?
8
Evaluate -4 + (5 + 5 - 16) + 14.
4
What is (-12 + 15 - -6) + -7?
2
9 + (-9 - ((29 - 33) + (-2 - 5)))
11
What is the value of 21 + 19 + -34 - (-1 - -2)?
5
What is (-6 - -7) + -7 - (-15 + 4)?
5
What is the value of 18 + 3 - (-63 + 73)?
11
(2 - -2) + -21 + (27 - -6)
16
19 - 0 - (13 - -12)
-6
What is 14 - (9 + 7 - 18 - (8 + -2))?
22
What is (14 - 29) + (27 - 2)?
10
What is 3 - 7 - -16 - 15?
-3
Calculate 3 - (2 - 12) - (0 - (19 - 17)).
15
Calculate 8 + (-4 - 6) + (0 - -1).
-1
9 + -4 + 1 + 0 + 4 - 8
2
What is -2 + (5 - (-6 + -3)) + -3?
9
What is 8 + -3 + (-3 - -3) + -13?
-8
What is the value of 9 - (17 + -7 + 0 + -5)?
4
What is the value of 26 - 29 - (1 - 0 - 13)?
9
Calculate -7 + -15 + 24 - (10 + 0).
-8
Evaluate (-4 - 2) + 121 + -109.
6
What is the value of -4 + (12 - (-13 - -27) - 6)?
-12
Calculate 5 + -7 + (-7 - (-1 - 1)).
-7
What is (-4 - 0) + (3 - 10 - -15) - -13?
17
Calculate (-26 - 0) + (-20 - -36).
-10
Evaluate 5 - -1 - (-19 + (-7 - -29)).
3
-29 + 34 - (6 + 1)
-2
Calculate (0 - -1) + (-5 - (-9 + 9 - 0)).
-4
34 - (-13 - (-35 + 22))
34
What is (115 - 131) + -12 + 0?
-28
Evaluate -1 - (10 - (-11 + 13)).
-9
What is ((14 - -9) + -3 - 9) + 24 + -14?
21
Evaluate 3 + 10 + -16 - (-14 + (2 - 0)).
9
Evaluate 11 + -23 + 14 + -10.
-8
What is 6 - (11 + -2) - (4 + (1 - 2))?
-6
What is 10 + (-9 - -8 - -13) + (3 - -4)?
29
Evaluate (2 - (-3 - -5 - -12)) + (-1 - 0).
-13
17 - ((20 - 10) + -14)
21
What is (-16 - -18) + (-5 - (-6 - -5))?
-2
What is -2 + -22 + (-39 - -78)?
15
Calculate 50 + (-27 + -14 - -12).
21
-2 - (-5 - (2 - (1 - (-1 + -2))))
1
What is the value of 0 + (-9 - (4 + -12)) + -10?
-11
Calculate -5 + (-4 - -8) - 6.
-7
Evaluate (-6 - 16) + 11 + (-18 - -5).
-24
Evaluate 11 - (2 + -1 + 0 + 13 + -12).
9
What is -2 - (-18 + 3 + 11)?
2
Calculate (8 + 6 - 9) + -11 + 0.
-6
What is the value of 18 + (-19 - (9 - 2))?
-8
Calculate 3 + (-10 - -8) + -12 + 1 + 2.
-8
What is -2 - 11 - 8 - -25?
4
Evaluate -329 - -309 - (-27 + 2).
5
Evaluate -15 + 0 - (11 + (-10 - -13) - 5).
-24
-14 + (38 - (-11 - -43))
-8
Evaluate 0 + 10 - (7 - -7 - (-60 - -73)).
9
Calculate -2 + -2 - ((5 - 24) + 6) - 0.
9
Evaluate 35 - (-19 - -65) - 21.
-32
Evaluate (2 - (1 + 1)) + (-41 - -42) - 12.
-11
Calculate -15 + (-8 - -11) + 7.
-5
What is the value of 0 + 7 + -128 + 132?
11
Evaluate -25 - (-15 - (9 - ((-2 - -13) + 9))).
-21
Calculate -78 - -88 - (-3 + -4).
17
5 + ((4 - 1) + -15 - (-6 - -1))
-2
Evaluate (56 - 60) + (0 - (-3 + (-12 - 0))).
11
7 - (-6 + 2) - ((1 - 2) + 7)
5
Calculate -7 - -10 - (2 + -4) - (2 - -7).
-4
Calculate -1 + 13 + -2 + 12 + -22 + 4.
4
What is the value of -11 - (-5 - (-1 + -2 - 6))?
-15
Evaluate (1 - (6 + -20)) + -13.
2
What is the value of -1 - (-1 + (0 - -7) - (-242 - -245))?
-4
(7 - (-5 - -14)) + 10 + -5
3
What is the value of 18 - 22 - (2 - 0) - -1?
-5
What is the value of (-6 + 10 - (-3 + -3 + 3)) + -3?
4
Calculate -1 - 15 - (-6 - (11 - 11)).
-10
What is (-9 - (-6 - 4)) + 11?
12
33 - (5 - (13 + -24))
17
What is -3 - (-19 + (1 - -7)) - 7?
1
Evaluate 41 + (-7 + 4 - 6).
32
What is the value of -25 + 10 + -18 + 14 - -6?
-13
What is (-2 + -10 - (0 + -10)) + 3 + -12?
-11
What is -10 + (4 - 2) - -14 - 12?
-6
Evaluate 5 - (5 - 3) - (17 + 1 + -6).
-9
Calculate 424 + -432 + 1 + (-1 - -3).
-5
(1 - -3) + (589 - 569)
24
Evaluate (-5 - -1) + (-83 - -70).
-17
(8 - 0 - 6) + (-4 - (-3 + 1))
0
Calculate (-56 + 60 - (-8 + -2)) + -7.
7
What is the value of 8 + (-4 - (-1 + -3 - -7))?
1
Calculate 3 - (1 - (-6 - -12 - (0 - 2))).
10
Calculate 3 + 27 + (8 - (14 - (-1 + 6))).
29
3 + 0 + 3 - (-265 + 259)
12
Calculate (-9 - -4 - 4) + (-2 - -2) + -1.
-10
7 - (4 + 1 + (-31 - -29))
4
-12 - (15 - 17 - ((-1 - 1) + 2))
-10
Evaluate (-1 - 6) + (27 - 31 - -44).
33
What is -1 + (5 - 8) - (9 + -10) - 29?
-32
What is the value of 2 + -35 + (233 - 205)?
-5
Calculate 33 + (19 + -28 - 16).
8
Calculate -5 - (0 + -6) - (-21 - -14).
8
Calculate 6 - (3 + -1 - (-19 + 18)).
3
Calculate 4 - (8 + -3) - (-8 + -15).
22
Calculate (-2 - -1) + (131 - 141).
-11
What is -4 + 3 + (-15 - -40) + -22?
2
Evaluate (-1 - -3) + (47 - 39) + -11.
-1
Calculate 56 - 42 - (-3 + 12 + -3).
8
Evaluate ((25 - 22) + (-3 - 8) - -5) + -6.
-9
What is -1 - -14 - (5 + -44 + 23)?
29
What is 3 + -10 + 0 + (11 - 9)?
-5
Evaluate 0 - (27 - 47 - -17 - (8 + -1)).
10
What is 39 + -26 + -38 + 0?
-25
What is -226 + 213 + (1 - (6 - 1))?
-17
(1 - 6 - (-6 - -5)) + 3 + 14
13
Evaluate (42 - 44) + (0 + 4 - (6 - 11)).
7
Calculate 10 + 7 + (0 - 8) - (5 - -3).
1
Evaluate 16 - (-49 - (-20 + -10)).
35
What is the value of 1 - (-6 - (3 + (5 - -4) + -15))?
4
Calculate 9 + 15 + -8 - 0.
16
What is the value of (-8 - -5 - 4) + 52 + -36?
9
Calculate 1 - 29 - (-60 + 38).
-6
What is 9 + (-19 - -23 - -2)?
15
What is 6 - (-20 + 1 + 25)?
0
What is the value of 1 + 21 + -28 + -28?
-34
What is 899 + -894 - (-2 + -1 + 3)?
5
What is (2 - (8 - -2)) + (240 - 235)?
-3
What is -14 + (5 - -4 - (4 + 7 + -4))?
-12
Evaluate -8 - -10 - (14 + -20 + (2 - 1)).
7
What is (7 - -9 - 20) + 0?
-4
Calculate (0 - 14) + 5 - (9 + -1).
-17
What is 8 + (6 - (-5 - -17)) + 9 + 17?
28
(18 + -26 - (-1 + 8)) + -14
-29
What is 6 - (-1 - (9 + -17 - 1))?
-2
What is 10 - ((-10 + 1 - (-1 +